8, 45*i - 3*l = 43*i + 5867. Calculate the greatest common factor of 391 and i.
23
Let f be 1776/30 - (-64)/80. What is the greatest common factor of f and 345?
15
Let x(t) = 3*t**2 - 80*t - 539. Let a be x(-26). Calculate the highest common divisor of 86 and a.
43
Suppose -77 = -b + 4*q, 2*b - 4*q + 7 = 149. Suppose -3*d = f - 2336, 2*d = -4*f + 8*f + 1576. What is the greatest common divisor of d and b?
65
Let o = 43228 + -42604. Calculate the greatest common divisor of 1131 and o.
39
Let w = -23805 + 23823. What is the highest common factor of 13302 and w?
18
Let h(q) = q**3 + 125*q**2 + 361*q - 30. Let z be h(-122). Calculate the greatest common factor of 180 and z.
20
Let t(p) = -p**3 + p**2 + p + 3. Let i = 65 + -65. Let u be t(i). Let l be (-1)/7 + 22/7 + 0. What is the highest common factor of l and u?
3
Let y(q) = 149*q - 9503. Let t be y(72). Calculate the greatest common factor of t and 4165.
245
Let m = 5611 + -5493. What is the greatest common divisor of 826 and m?
118
Let i(k) = k**2 - 2*k - 14. Let u be i(-6). Let z(c) = -2*c**2 + 68*c + 33. Let r be z(u). What is the highest common factor of 11 and r?
11
Let u(x) = -3*x + 20. Let t be u(4). Suppose 263*h = k + 260*h - 335, 2*k - 4*h = 676. Calculate the greatest common divisor of t and k.
8
Let w be -17*1*(3 + 0 + -4). Let b = 16 - w. Let k be (30/1 + b)*(6 - -5). Calculate the highest common divisor of 29 and k.
29
Suppose 12*s = 2*s + 80. Suppose 0 = s*v - 1409 - 1631. Calculate the highest common factor of v and 20.
20
Suppose 0 = 5*z, -z - 108 = -0*w - w. Suppose 0 = -483*x + 299*x + 2208. What is the highest common factor of x and w?
12
Suppose 0 = p + 2*p - 2*u + 386, 289 = -2*p - 5*u. Let k = p - -294. Let c = 9502 - 9484. Calculate the greatest common divisor of k and c.
18
Let n be (4/5)/(2/55). Suppose 16*y + 56*y - 402 = 5*y. What is the greatest common divisor of n and y?
2
Let z = 97 + 121. Suppose -3*l + z = -3*c + c, 230 = 3*l - 5*c. Let p(v) = -3*v - 1. Let o be p(-5). Calculate the greatest common divisor of o and l.
14
Suppose m - 578 = -2*x, -5*x + 1939 - 461 = -3*m. What is the highest common factor of 44 and x?
4
Let m(v) = v**3 + 10*v**2 + 3*v + 12. Let j be (-74)/8 - 13/(-52). Let i be m(j). Calculate the greatest common factor of 77 and i.
11
Let y be 6/(-20) - ((-7947)/90)/1. Calculate the highest common divisor of 484 and y.
44
Let q(a) = 2*a**3 - 8*a**2 - 10*a + 6. Let b be q(7). What is the greatest common factor of b and 1265?
115
Suppose 2*l - 622 = -108. Suppose 0 = -5*m - 5*r + 335, 35 + 150 = 3*m - 5*r. Let g = l - m. What is the greatest common factor of 24 and g?
24
Let h = -376 - -387. Let c(g) = -g**2 - 15*g + 5. Let r be c(-11). Suppose 5*k = 6 + r. What is the highest common divisor of h and k?
11
Suppose o - 765 = 1923. Suppose 8*v = -13*v + o. Calculate the greatest common divisor of 96 and v.
32
Let u(l) = -l**3 + 19*l**2 - 17*l + 2. Let s be u(18). Suppose 10 = 2*o - j, o + 6*j - 5*j = 2. Calculate the highest common factor of o and s.
4
Let s(c) = 2*c**3 + 49*c**2 - 30*c - 35. Let j(x) = 5*x - 70. Let a be j(9). Let m be s(a). Calculate the greatest common factor of 54 and m.
18
Let s = -421 - -469. Calculate the greatest common factor of 384 and s.
48
Let t(w) = -8*w**3 + 260*w**2 - 72*w + 64. Let c be t(32). Calculate the greatest common divisor of c and 29.
29
Suppose 0 = -6*n + 9 + 69. Suppose -99 = -n*c + 2*c. Let b(y) = 2*y - 13. Let g be b(c). What is the highest common divisor of 65 and g?
5
Let z(i) = 97*i - 1981. Let c be z(33). Calculate the greatest common divisor of c and 20.
20
Let z = 1114 - 1081. Let j be 2 + (-1424)/(-4) + 5. Calculate the highest common divisor of z and j.
33
Let d(p) = -9*p - 189. Let x be d(-28). What is the greatest common factor of 1638 and x?
63
Let a be (-2)/17 - (-12600)/170. Let c = 93 + a. Suppose 0 = -11*p + c + 31. What is the highest common divisor of 144 and p?
18
Suppose 5*o = -u + 1985, -o + 3*u - u + 386 = 0. Let z = -700 + o. Let r be (-2 + 34/8)/((-4)/z). Calculate the highest common divisor of r and 19.
19
Suppose -5*u + 4*p + 78513 = 0, -2*p - 28331 - 50188 = -5*u. Calculate the greatest common factor of u and 45.
45
Let f = -89 - -62. Let u = 43 + f. Suppose 6 = 2*w - x, 4*w = -0*x + x + u. Calculate the greatest common factor of w and 10.
5
Let o = 215 + -192. Suppose -b + 3*a = -o, -7*b + 12*b = a + 59. What is the highest common factor of b and 1?
1
Let h(p) = -8*p + 60 + 36 - 66. Let y be h(-5). Suppose 2*x = -k + 40 + y, -3*k - 5*x + 330 = 0. What is the highest common factor of 11 and k?
11
Let v(l) = 4*l - 23. Let j be v(6). Let a be (-5)/(-2)*(0 + 2). Let x be (3*a/(-30))/(j/(-62)). Calculate the greatest common factor of x and 341.
31
Suppose -5*b + 45 = l, -5*l + 83 + 122 = 5*b. What is the greatest common divisor of l and 510?
10
Suppose v = -4*p + 50, -108*v + 109*v - 17 = -p. Let l = 36 - 14. What is the greatest common factor of l and p?
11
Let q = -184 + 189. Suppose 0 = -31*v + 34*v + 2*m - 200, -m - 355 = -q*v. Calculate the greatest common divisor of 175 and v.
35
Suppose 43860 = 128*h - 2220. Calculate the highest common factor of h and 3120.
120
Suppose -5*s = -4*s - 6. Suppose -10*f = 8*f - 17334. Let m = f - 915. Calculate the highest common divisor of m and s.
6
Suppose 0 = -n + i + 9, 9*i + 27 = -n + 19*i. Suppose 3*s + s - 572 = 0. Calculate the greatest common factor of n and s.
13
Let o be (-7 - -2)/(45/(-15) - 1306/(-436)). Calculate the highest common divisor of o and 30.
10
Let d be 0*((-5)/(-7 + 2))/(-2). Suppose 3*z = t + 961, d = 2*z + t - 117 - 517. Suppose -87 = -7*k + 4*k. Calculate the greatest common factor of k and z.
29
Let s = 3229 + -3114. Calculate the greatest common factor of 368 and s.
23
Suppose 351 = 14*z + 57. What is the greatest common factor of 609 and z?
21
Let p(r) = -5*r**2 - 549*r + 316. Let n be p(-109). Calculate the highest common factor of 240 and n.
16
Let c = 350 - 507. Let v = c + 178. What is the highest common divisor of v and 28?
7
Suppose 4570 = 109*b - 8510. What is the highest common factor of b and 384?
24
Let y = 2155 + -1511. Suppose 57*z - y = 56*z. Calculate the greatest common factor of z and 92.
92
Let l be (-2 - 262)/(24/(-36)). Suppose -88*h + 82*h + l = 0. Suppose -5*n = 2*f - 485, 4*n - n - 4*f = 317. Calculate the greatest common divisor of n and h.
33
Let g(y) be the second derivative of 5/2*y**2 + 1/20*y**5 + 5/6*y**3 + 1/3*y**4 - 6*y + 0. Let r be g(-2). Calculate the greatest common divisor of 15 and r.
3
Suppose 31*h - 17679 = -17307. Calculate the greatest common divisor of h and 33564.
12
Suppose 43*o - o - 15778 - 4970 = 0. Calculate the highest common divisor of 532 and o.
38
Let g(l) = -5*l**2 - 8*l + 13. Let q be g(-4). Let s = -27 - q. Calculate the greatest common divisor of 4 and s.
4
Let o = -98 - 5. Let m = o - -123. Let z = m - -40. Calculate the highest common factor of z and 20.
20
Let c be 1*-4*11/(-4). Suppose -26*x + 690 = -31*x. Let y = -127 - x. Calculate the highest common factor of y and c.
11
Let y = -285 - -277. Let b(k) = -k**3 - 7*k**2 - 3*k + 8. Let r be b(y). Calculate the greatest common factor of r and 84.
12
Let i be (308/12)/((-3)/(-9)). Let p(y) = -y + 16. Let w be p(5). Calculate the greatest common factor of i and w.
11
Let q = -2966 - -3296. Calculate the greatest common divisor of 930 and q.
30
Let r = 14094 - 14031. What is the greatest common factor of 7203 and r?
21
Let z be (-141 - -35)/((-3)/(-27)*-3). Calculate the greatest common factor of z and 6.
6
Let s be 2*-188*8/(6 + 2). Let n = s + 387. Let a = 115 + 6. What is the greatest common divisor of n and a?
11
Let b be (-5 - -1)*(-61 - -60). Suppose -4*c + b*t + 16 = 0, -3*c + 5*t = -0*c - 8. What is the greatest common divisor of c and 282?
6
Suppose 9*k + 352 = 981 + 991. Calculate the greatest common divisor of k and 675.
45
Suppose -n = -10*n + 551 + 79. Calculate the highest common divisor of n and 5495.
35
Let p be ((-84)/(-18))/(2/(-324)*-3). Let d(l) = -24 - 6*l**2 + 3*l**2 + 16*l + l**2 + l**2. Let h be d(10). Calculate the highest common divisor of h and p.
36
Let c(g) = 5633*g**2 - 101*g - 315. Let x be c(-3). What is the highest common factor of x and 93?
93
Suppose -4*p - 374 = -5*b, 2